-10) + 2 + (3 - 0)?
-3
What is -5 + 21 + -6 + -8?
2
What is 2 - (-5 + -4 + 5 - -2)?
4
What is (-5 - -4 - 0) + (-1 - 2)?
-4
What is the value of -12 + 13 + -6 + -3?
-8
0 - (1 + 0 + 2 + -4)
1
What is the value of (-1 - -1) + (6 - 7 - 3)?
-4
Evaluate 4 + (-1 - -1) + -7 + 6.
3
Evaluate 1 - -1 - -1 - (-37 - -39).
1
What is the value of -3 + (-18 - -31 - (4 - 0))?
6
What is (2 - (-16 + 13)) + 0 + -4?
1
Evaluate (-3 + 8 - (-2 - 0)) + 1.
8
What is 5 - (-4 + 5) - 8?
-4
Evaluate -9 + 1 - (25 - 33).
0
What is the value of (5 - (-5 - 1)) + (1 - 6)?
6
2 - 0 - -2 - (-3 - -5)
2
What is 3 - (1 - (1 - 9)) - -3?
-3
What is the value of -8 - ((0 - 4) + (1 - 2))?
-3
Calculate (0 - (1 + 0)) + (28 - 31).
-4
Calculate 14 + -7 + -5 + 1.
3
Calculate 6 - 12 - (-5 + 3 + -2).
-2
Calculate -1 + (2 - (-5 - 4 - -7)).
3
Calculate 5 + (3 - 3 - (29 - 15)).
-9
What is the value of 4 + (10 - 7) - -2?
9
What is -1 - -1 - (5 - 7 - 0)?
2
Calculate 3 - (-2 + (0 + 5 - 3)).
3
What is 2 + 5 + -8 + -4?
-5
(2 - (-5 + 8 + 2)) + 9
6
What is the value of 2 - ((7 - 3) + -4 + -1)?
3
Calculate 8 + -6 + 0 + -4.
-2
What is the value of -2 - (-13 + 8 + -2)?
5
Calculate (2 - -2) + -3 - 2 - -3.
2
8 - (4 + (-3 + -2 - -1))
8
Evaluate 0 + -12 + (-8 - -13).
-7
What is -10 + (7 + -2 - 1 - 4)?
-10
What is (0 + 2 - 3 - -1) + -1?
-1
What is 0 + 2 + (0 - 5)?
-3
Calculate 1 - -3 - (6 - (4 - -4)).
6
What is the value of (6 - -1) + -14 - (-5 + 0)?
-2
What is the value of 13 - (-3 + (7 - 7) + 8)?
8
Calculate 4 + -1 + -4 + -4 + -2.
-7
-12 - (-3 + (-4 - 2))
-3
(11 - 6) + -6 + 1
0
What is -2 + -2 + 2 - -5 - -1?
4
5 + -4 - ((-1 - 3) + 0)
5
(-12 - -12 - 8) + (-1 - 0)
-9
-6 + 6 - (-3 + 2 + 0)
1
Evaluate 0 + -11 + 8 + (0 - 1).
-4
What is -1 - ((2 - (1 - 3)) + 0)?
-5
Evaluate 3 + -1 + (-2 - -3).
3
What is -4 + 3 + -2 - -1?
-2
What is 3 - (8 - (7 + (-10 - -7)))?
-1
What is 1 + 3 + (5 - 12) + 1?
-2
What is the value of (256 - 262) + 5 + (1 - 1)?
-1
-2 + -22 + 12 - -20
8
Evaluate 4 + -5 + 6 - 11.
-6
(0 - -2) + 2 - 5
-1
-9 + (7 - -7) + -7 + 1
-1
What is -3 + -6 + (1 - -4) + 6?
2
What is -1 + 13 + (10 - 18) - 10?
-6
Calculate (-1 + 0 + -2 - -5) + -7.
-5
Calculate (-8 - -3) + (2 - 2) - -8.
3
What is the value of -1 - (-4 - 0) - 6?
-3
Evaluate 1 + -2 + (-3 - -10 - 3).
3
What is -7 + -4 + 0 + (4 - -3)?
-4
What is 1 + (1 - 6 - -2)?
-2
Evaluate 2 + -4 + 5 + -5.
-2
-3 + 1 + 3 - -4
5
What is 1 + -6 + -3 + 7 - 3?
-4
Evaluate 5 + 0 + -12 + 12.
5
What is the value of (6 - (29 + -5)) + 9?
-9
What is -42 + 36 - (-1 - 3)?
-2
What is -7 - -3 - (-3 + -2)?
1
Evaluate (5 - 6 - 4) + 8.
3
0 - (3 + 4 + -4)
-3
What is 1 - ((-4 - (-4 + -3)) + -3)?
1
Calculate -3 - -7 - (-1 - (-11 - -1)).
-5
What is -1 + -1 + 5 + -8?
-5
What is the value of 3 - (-2 - (-2 - 7))?
-4
What is 6 + -1 - (2 - 1)?
4
What is 2 - (13 - 10 - (0 - -2))?
1
Calculate (-4 - -3) + 13 + -4.
8
What is -17 + 23 + -2 + 1?
5
What is -1 - (2 - 1) - (-2 + 4)?
-4
Calculate -2 - (-2 - (-2 - 2)) - -3.
-1
What is the value of 0 + -2 + 1 + -4 + 2?
-3
What is (2 - -1) + 2 + (-6 - 2)?
-3
Calculate 1 + -4 + 0 - (112 - 115).
0
0 + 2 + -1 + -2 + -4
-5
What is the value of -4 - (0 + 1 + -2 - 2)?
-1
Evaluate -9 - -17 - (5 - (5 + -3)).
5
What is the value of 17 + -11 - (6 - 3)?
3
Calculate -1 + (-4 - -5) + 4.
4
Evaluate -7 + 9 + -12 + 5.
-5
What is (-6 - -4) + -4 - -6?
0
What is 2 - 0 - (-19 - -27)?
-6
Evaluate (-3 - -7) + (8 - 13).
-1
What is 4 + (1 - (3 + -3))?
5
What is 3 - (-1 + (-2 - -5)) - -3?
4
What is the value of -3 + 4 + -3 - -3?
1
What is the value of 7 + (3 - -3) - 7?
6
Evaluate -1 + 3 + -3 + 2 - 1.
0
What is the value of -2 + -5 + 4 - -4?
1
Evaluate 0 + 4 + -5 + 0 + 3.
2
-6 - (-16 + 8 + 13 - 6)
-5
Evaluate -6 - -6 - -3 - 4.
-1
What is 1 + -5 + (9 - 8 - -9)?
6
Evaluate 0 + 7 - ((9 - 1) + 3).
-4
Calculate 0 + (0 - 2 - 4) - -1.
-5
Calculate (11 - ((-4 - -2) + 8)) + -2.
3
Evaluate -5 + 7 - (-1 + 1).
2
What is the value of (-3 - 14) + 9 + 12?
4
Evaluate 3 + 15 - 3 - (1 - -6).
8
Evaluate 6 - (-1 + -2 - -14).
-5
Evaluate -1 + (2 - (0 + -2) - 4).
-1
-6 + -4 + 2 + 4 + -2
-6
(-14 - -1) + (-3 - -9)
-7
What is the value of 0 + 4 - -4 - (15 + -8)?
1
Calculate -2 + 4 + 1 + (23 - 23).
3
What is (-5 - -12) + -1 + 0?
6
Evaluate 2 + (5 - 11 - 3 - -1).
-6
What is the value of -281 - -280 - (0 + 0 + 7)?
-8
What is 7 - (1 + 3) - 6?
-3
Calculate -6 + (0 - 0) + (7 - 1).
0
Calculate (9 - 14) + 1 + 2 - -4.
2
5 + -8 + (0 - 7 - -10)
0
What is -2 - -5 - (3 + -1)?
1
What is the value of 0 + (-1 - -5) - 2?
2
What is (-6 - -5) + (2 - (0 - 3))?
4
5 - ((-4 - 2) + (0 - -6))
5
6 - -9 - (4 + 7)
4
What is 1 + -2 + 1 - (168 - 167)?
-1
What is (0 + 7 - (-10 + 11)) + -1?
5
What is the value of 8 - (2 + 0) - 5 - -6?
7
(-10 - (3 + -7)) + 4
-2
Calculate -11 + (7 - -2) + -2.
-4
Evaluate -3 + -8 + 14 + -3.
0
3 + -2 + (-1 - 0) + 1
1
Evaluate 6 - -3 - 1 - 2 - 0.
6
Evaluate 8 + (5 - 7 - 7).
-1
Calculate -1 + -5 - (-4 - (1 - 2)).
-3
What is the value of -2 - (-17 + 5 + 5)?
5
What is the value of (5 - 8 - -6) + -9?
-6
What is the value of 31 + -38 + (1 - 2)?
-8
Evaluate -2 + 17 + -9 + -1 + -5.
0
Calculate -4 + 3 + (8 - 3).
4
What is the value of 1 + (0 - 6 - -10)?
5
Evaluate (-6 + 6 - 0) + 5 + -12.
-7
What is the value of 0 + 6 - (4 - 0)?
2
What is the value of 31 - 39 - (-1 - 1)?
-6
Evaluate (2 - (-1 - -6)) + 6.
3
Calculate -6 - (3 + -3 + -1).
-5
Evaluate -1 - (-4 + 5 + 0).
-2
Calculate 3 + 0 + 2 + -4.
1
20 + -18 - (1 - 0 - 4)
5
What is 10 + -19 + (0 - 2) + 6?
-5
8 + -5 + 3 - 4
2
What is (-17 - -12 - (1 - 5)) + -2?
-3
Evaluate 4 + (-7 - -2) - (-1 + 1).
-1
What is the value of 1 - 4 - (10 + -11)?
-2
What is -2 - (3 - (1 + -1)) - -3?
-2
Evaluate -20 + 17 + (1 - 2) + 4.
0
Calculate 2 - (-16 + 12 + 11 + -2).
-3
What is -3 + (-2 - -7) + -5 + 5?
2
What is the value of -7 + 13 + (0 - 5 - -1)?
2
Calculate -6 + 0 - (-42 - -37).
-1
-4 + 5 - -12 - 4
9
Calculate -1 - (-7 + -2 - -4).
4
Calculate -6 - (2 - (5 - (1 + -2))).
-2
(-2 - (-5 + 0)) + -6
-3
What is the value of (0 - 3) + 1 + (4 - 3)?
-1
What is the value of -1 + 3 + 2 + 4 + -8?
0
What is the value of 16 + -13 - (-12 - -24)?
-9
What is (2 - -1) + (3 - 2)?
4
0 + -2 + 8 + -2 + 0
4
What is the value of 2 + -3 + -1 + -3?
-5
What is (-9 + 7 + -3 - -2) + 0?
-3
Evaluate (-2 - -2) + (-9 - -9).
0
Evaluate 0 + (0 - (-3 - (1 - 1))).
3
Calculate (-1 - -5) + (27 - 33).
-2
Calculate -4 + (-1 - -4) + 4.
3
(-8 - -13) + -8 + -1 + 4
0
What is the value of -1 - -1 - (11 - 11)?
0
What is the value of (-3 - 1) + -1 - -7?
2
Calculate 2 - (0 + -4) - (5 - 4).
5
3 - (3 - 2) - -3 - 4
1
Evaluate (-6 - -8 - 5) + -5.
-8
Calculate 2 - (-4 + (11 - 4)).
-1
Calculate -3 + (3 - (-2 + 1) - 0).
1
What is the value of (-8 + 3 - -6) + -5?
-4
What is -3 + 0 + (7 + -3 - 4)?
-3
Calculate 1 - (-8 - (0 + -3) - 1).
7
What is the value of -6 - (8 - 2 - 11)?
-1
9 + 0 + -5 + 1
5
What is (6 - -2) + -1 + (-3 - 0)?
4
What is the value of -5 - (-1 - 1 - -1)?
-4
12 + -1 + -16 + 9
4
Evaluate -2 + 0 + 3 + 2.
3
What is 19 - ((-6 - -8) + 12)?
5
What is (-2 - (6 + -6)) + (-1 - 0)?
-3
What is the value of 3 + (1 - 1) - (-7 + 10)?
0
What is -8 + 6 + 2 - -6?
6
-8 + 8 + 1 + -2
-1
Evaluate (33 - 29) + 0 + 1.
5
What is (0 - 2) + 8 + -1?
5
What is the value of 3 - (12 + -12) - (1 - 0)?
2
What is 14 + -5 + -10 + 1?
0
Calculate (3 - 6) + -1 + 10 + 0.
6
What is -1 - ((3 - (-3 + 2)) + -7)?
2
Evaluate 3 + -3 + -2 + 2.
0
Evaluate (-2 - 2) + -1 + 8.
3
-3 + -2 + 4 + (0 - 3)
-4
What is 8 - (-2 + (-10 + 8 - -3))?
9
What is the value of 7 - -1 - 8 - (0 - -3)?
-3
Evaluate -12 - (13 + -6 + 1 - 14).
-6
1 + -3 - (3 + 0)
-5
What is the value of (9 - 5 - (-1 - -15)) + 5?
-5
What is the value of 0 + 1 - ((0 - 1) + 4)?
-2
What is -11 - ((0 - 4) + 1) - -4?
-4
What is the value of (5 - 2 - 5) + -2?
-4
What is -14 + 11 + (2 - -3)?
2
(2 - 1) + 0 + 1 + 1
3
What is the value of 1 - 2 - (-11 - -9)?
1
Calculate -15 - (5 + 3) - -12.
-11
-6 - -6 - (-3 + -2)
5
2 + -5 + 5 + 1
3
What is (2 - -2 - (13 - 6)) + 3?
0
Evaluate 3 + 0 + 12 + (-3 - 4).
8
What is 1 + -1 + 1 + 0 + -4?
-3
Evaluate (-2 + -3 - -5) + 7 - 3.
4
What is 1 - 0 - (1 + 2 - 6)?
4
Calculate 4 + -9 - (2 - 5).
-2
What is the value of 1 + 2 + -4 - (-80 - -75)?
4
Evaluate -2 - (-2 - ((6 - -2) + -4)).
4
Evaluate (-4 - 2) + -3 + 9.
0
(-3 - -2) + 4 + 0
3
What is 10 + -8 - (-2 + 0 - 0)?
4
What is -9 + (22 - 8) + -6?
-1
Calcu